ue
Is 11989503259 a prime number?
True
Is 24219951823 composite?
False
Is 360344819 prime?
True
Is 536667437 a prime number?
False
Is 783219251 a composite number?
False
Is 6496594751 a composite number?
True
Is 229072004251 prime?
True
Is 197342669 composite?
True
Is 781658551 prime?
False
Is 37738711 prime?
True
Is 2274202327 a prime number?
True
Is 2823162197 a composite number?
True
Is 4379421181 a composite number?
True
Is 70162186553 a prime number?
True
Is 3294463483 a prime number?
True
Is 794606441 a prime number?
True
Is 6211729 a prime number?
True
Is 18450170197 composite?
True
Is 36190342 composite?
True
Is 15790375609 a prime number?
True
Is 98386447 prime?
True
Is 76054567 a prime number?
False
Is 26816459521 a composite number?
False
Is 108501695839 prime?
False
Is 823130719 a composite number?
True
Is 2992576387 a composite number?
False
Is 2445455147 composite?
True
Is 7199071729 composite?
True
Is 61435178137 a composite number?
False
Is 34123559237 composite?
False
Is 4757569637 a composite number?
True
Is 372360935 a composite number?
True
Is 6577515469 a composite number?
True
Is 106676777 composite?
False
Is 10851645451 a composite number?
False
Is 43552027 composite?
True
Is 11453068321 a composite number?
True
Is 756625501 prime?
False
Is 909830323 a prime number?
False
Is 655745593633 a prime number?
False
Is 2418613 composite?
False
Is 6172997111 a composite number?
False
Is 131138321653 prime?
False
Is 19366536319 prime?
False
Is 663456149 a prime number?
True
Is 493309681 a composite number?
True
Is 1873033801 a prime number?
False
Is 13637090143 prime?
False
Is 9281035783 composite?
False
Is 7710999397 composite?
False
Is 42925614689 a prime number?
True
Is 12173849 a composite number?
True
Is 15777183251 a prime number?
False
Is 13601463383 prime?
True
Is 17991604117 a composite number?
False
Is 268351267 a prime number?
True
Is 532997219 a prime number?
False
Is 18575132239 a composite number?
True
Is 569294417 a composite number?
True
Is 6569254751 prime?
True
Is 33835869833 prime?
False
Is 642261211 a prime number?
True
Is 2866265113 a composite number?
True
Is 78777725617 a composite number?
False
Is 17133792869 composite?
False
Is 1425384251 prime?
False
Is 1340363669 a composite number?
False
Is 752147311 composite?
True
Is 2902222619 a composite number?
False
Is 615609703 prime?
False
Is 87823159565 a prime number?
False
Is 50964428899 prime?
True
Is 3796082281 a prime number?
False
Is 13325341259 a composite number?
True
Is 7238308373 composite?
True
Is 32025226343 a composite number?
True
Is 22705940303 prime?
True
Is 950523797 composite?
False
Is 6316565803 composite?
False
Is 360238427 a composite number?
False
Is 463667389 composite?
False
Is 395097403 composite?
True
Is 15072299657 composite?
False
Is 2248764698 a prime number?
False
Is 417403829 a prime number?
True
Is 6827473333 prime?
False
Is 6725248774 a composite number?
True
Is 383417533 a composite number?
False
Is 472396447 composite?
True
Is 162176359 a prime number?
False
Is 64458630811 a prime number?
False
Is 2509523317 prime?
False
Is 24989650999 a prime number?
False
Is 8574466331 a composite number?
False
Is 415268807 composite?
True
Is 2338440079 composite?
False
Is 17455409239 prime?
True
Is 1848347269 a prime number?
False
Is 622033613 a prime number?
True
Is 62810522153 prime?
True
Is 27382518827 a composite number?
False
Is 8710757051 a composite number?
False
Is 18612342733 a prime number?
True
Is 7674425593 a composite number?
False
Is 36740393 a composite number?
True
Is 547381711 composite?
False
Is 840525137 prime?
False
Is 123813264973 a composite number?
True
Is 1014645145 composite?
True
Is 598354843 prime?
False
Is 49446376171 prime?
False
Is 1069641059 prime?
False
Is 2418010427 a prime number?
False
Is 11181686585 composite?
True
Is 50103919597 composite?
False
Is 203154047 a prime number?
False
Is 807617299 a composite number?
False
Is 8471211685 prime?
False
Is 2453619557 composite?
False
Is 707070713 composite?
False
Is 204825601 a prime number?
True
Is 37778808983 a prime number?
True
Is 14163640567 a composite number?
False
Is 53587335455 composite?
True
Is 16616015999 prime?
False
Is 5761077893 a prime number?
True
Is 1399880747 composite?
False
Is 2114922097 a prime number?
True
Is 289564943 a prime number?
True
Is 1029621721 a prime number?
False
Is 7040950655 composite?
True
Is 46623457 a composite number?
False
Is 3875519387 a prime number?
True
Is 2324777333 composite?
False
Is 14548592579 a composite number?
True
Is 42436706723 composite?
True
Is 4030417793 composite?
True
Is 7734453761 composite?
False
Is 1237069087 prime?
False
Is 571719931 prime?
True
Is 209313647 a composite number?
True
Is 135434473 prime?
False
Is 654252243 composite?
True
Is 10040819753 a composite number?
False
Is 5837415443 a composite number?
True
Is 4531194211 composite?
True
Is 8548989 prime?
False
Is 1774750253 prime?
True
Is 183534913 a composite number?
True
Is 2495140301 a composite number?
False
Is 24308254943 a composite number?
True
Is 9475026209 a prime number?
False
Is 4014115561 prime?
True
Is 4694274313 composite?
True
Is 90209637037 a prime number?
False
Is 12976127779 a prime number?
True
Is 1739017453 a composite number?
False
Is 9839736719 a composite number?
False
Is 7354656653 a prime number?
False
Is 1705824257 prime?
True
Is 883244939 a composite number?
True
Is 1058468903 prime?
False
Is 108442511 a prime number?
True
Is 186561877 a composite number?
False
Is 19511595721 prime?
False
Is 119868079 prime?
True
Is 2419819037 prime?
False
Is 70043867 a composite number?
True
Is 902807687 a composite number?
False
Is 3453104867 a prime number?
False
Is 115942517501 composite?
False
Is 4372597169 a composite number?
False
Is 801680647 a prime number?
False
Is 921073949 composite?
True
Is 1626160331 composite?
True
Is 47135579869 a prime number?
False
Is 635246881 composite?
True
Is 45684439547 a prime number?
True
Is 2662066109 a composite number?
False
Is 36675366521 prime?
False
Is 44214685769 prime?
True
Is 611481970379 a prime number?
False
Is 639626087 prime?
False
Is 2238366629 a prime number?
False
Is 43380065857 prime?
True
Is 16929990139 composite?
False
Is 3834970183 prime?
False
Is 2359932979 a prime number?
False
Is 114860623 a composite number?
False
Is 3901074523 prime?
True
Is 81291636887 composite?
False
Is 12744002281 composite?
True
Is 1579259573 composite?
False
Is 103615607 composite?
True
Is 184634407 prime?
True
Is 2240244431 a prime number?
False
Is 142414387 prime?
True
Is 1460928431 composite?
False
Is 1832730143 a composite number?
True
Is 222369523 a prime number?
False
Is 39163038529 a prime number?
False
Is 816502009 a composite number?
False
Is 12623102189 a prime number?
True
Is 534153533 prime?
True
Is 213279511 a composite number?
True
Is 110461672999 a composite number?
False
Is 1487074717 prime?
True
Is 468530239 composite?
True
Is 1185670223 composite?
False
Is 94901673569 composite?
False
Is 27545836583 composite?
True
Is 72627648787 prime?
True
Is 9675399691 composite?
True
Is 20192797927 a composite number?
True
Is 1140762011 prime?
True
Is 374952211 prime?
True
Is 80570989 a prime number?
True
Is 240617593 composite?
False
Is 526646377 prime?
True
Is 6431666711 prime?
True
Is 510547579 a composite number?
True
Is 829302797 prime?
True
Is 64801069 a composite number?
True
Is 86188939 composite?
False
Is 1940168179 composite?
True
Is 3125334533 a prime number?
False
Is 155306765 a prime number?
False
Is 15557448917 a prime number?
True
Is 14663997163 prime?
True
Is 7048916041 a prime number?
True
Is 704575451 prime?
True
Is 3849728357 a prime number?
False
Is 437996059 a prime number?
False
Is 252466463 a prime number?
False
Is 12274487 prime?
True
Is 3099915655 prime?
False
Is 21268971839 composite?
True
Is 6559815817 prime?
True
Is 64089914113 a composite number?
False
Is 146377952249 a prime number?
True
Is 2738651819 a prime number?
False
Is 52282790815 a composite number?
True
Is 34369124987 a prime number?
True
Is 26903367263 prime?
True
Is 19246929803 a composite number?
True
Is 55612536779 composite?
True
Is 664275401 a composite number?
False
Is 10372475453 a comp